es 144 divide 2365515?
False
Does 63 divide 6242229?
True
Is 183872 a multiple of 34?
True
Does 620 divide 1731152?
False
Is 15 a factor of 422487?
False
Does 132 divide 297214?
False
Does 61 divide 1369694?
True
Is 118808 a multiple of 8?
True
Is 18 a factor of 22346?
False
Does 306 divide 129080?
False
Is 157463 a multiple of 258?
False
Does 36 divide 168087?
False
Does 7 divide 382326?
True
Is 18 a factor of 214812?
True
Is 7033755 a multiple of 615?
True
Is 92 a factor of 30268?
True
Does 358 divide 280672?
True
Is 7 a factor of 1152443?
False
Is 48833 a multiple of 17?
False
Does 88 divide 1101853?
False
Does 12 divide 2591619?
False
Is 462 a factor of 160774?
False
Is 33022 a multiple of 83?
False
Is 132 a factor of 350900?
False
Is 152523 a multiple of 9?
True
Is 593 a factor of 344982?
False
Does 367 divide 3070322?
True
Is 2698322 a multiple of 19?
False
Is 278 a factor of 3232862?
True
Is 186 a factor of 70866?
True
Is 11 a factor of 20169?
False
Is 362831 a multiple of 7?
True
Is 2922029 a multiple of 341?
True
Is 6963560 a multiple of 25?
False
Is 790 a factor of 3622150?
True
Is 164235 a multiple of 5?
True
Is 105336 a multiple of 154?
True
Does 325 divide 5373912?
False
Is 19359 a multiple of 9?
True
Does 669 divide 5222214?
True
Is 10940112 a multiple of 136?
True
Is 13 a factor of 2576943?
False
Is 240560 a multiple of 4?
True
Is 83259 a multiple of 87?
True
Is 603670 a multiple of 33?
False
Does 161 divide 35734?
False
Is 20 a factor of 186230?
False
Is 19578728 a multiple of 162?
False
Does 87 divide 3883862?
False
Does 4 divide 2413711?
False
Is 33 a factor of 3210919?
False
Is 800237 a multiple of 13?
False
Is 29 a factor of 66874?
True
Is 1255144 a multiple of 748?
True
Is 737 a factor of 1321655?
False
Is 27247 a multiple of 8?
False
Is 509 a factor of 193929?
True
Does 32 divide 131154?
False
Is 695476 a multiple of 119?
False
Is 15234943 a multiple of 43?
True
Is 39 a factor of 89667?
False
Is 1624 a factor of 11106536?
True
Is 29 a factor of 249272?
False
Is 1143 a factor of 747522?
True
Is 230 a factor of 2323488?
False
Is 22 a factor of 18107298?
True
Is 4 a factor of 1916812?
True
Does 6 divide 36960?
True
Is 147 a factor of 278712?
True
Is 260 a factor of 491140?
True
Is 13 a factor of 340071?
False
Does 154 divide 765842?
True
Is 201348 a multiple of 42?
True
Does 88 divide 22880?
True
Does 12 divide 627531?
False
Is 324 a factor of 8126244?
True
Is 166 a factor of 16198778?
True
Is 298 a factor of 185654?
True
Is 232 a factor of 12214336?
True
Is 384 a factor of 1313664?
True
Does 491 divide 718931?
False
Does 320 divide 1801309?
False
Is 1074954 a multiple of 97?
True
Does 36 divide 577620?
True
Is 123 a factor of 469374?
False
Does 956 divide 3559078?
False
Does 17 divide 561237?
False
Is 33 a factor of 244926?
True
Is 64 a factor of 1615936?
True
Is 5603116 a multiple of 138?
False
Is 83260 a multiple of 460?
True
Does 7 divide 899655?
False
Is 88 a factor of 885632?
True
Does 8 divide 31152?
True
Is 293422 a multiple of 15?
False
Is 33940930 a multiple of 286?
False
Is 489 a factor of 6905671?
False
Is 186 a factor of 961944?
False
Is 147641 a multiple of 41?
True
Is 422710 a multiple of 377?
False
Does 25 divide 3607550?
True
Is 48 a factor of 834582?
False
Is 191675 a multiple of 187?
True
Is 169579 a multiple of 23?
True
Is 255 a factor of 14677426?
False
Does 147 divide 22638?
True
Does 45 divide 13883629?
False
Is 403540 a multiple of 419?
False
Does 16 divide 93696?
True
Is 118493 a multiple of 60?
False
Does 38 divide 28705172?
False
Is 32 a factor of 3036384?
True
Is 2387 a multiple of 6?
False
Is 2024489 a multiple of 13?
False
Is 73400 a multiple of 8?
True
Is 126396 a multiple of 9?
True
Does 17 divide 1190696?
False
Is 36 a factor of 20700?
True
Is 106820 a multiple of 218?
True
Does 131 divide 1432890?
False
Is 7222122 a multiple of 18?
True
Is 5620981 a multiple of 6?
False
Is 13 a factor of 669961?
False
Does 989 divide 3023373?
True
Is 30592 a multiple of 64?
True
Is 16 a factor of 1185696?
True
Is 8 a factor of 2912740?
False
Is 760280 a multiple of 83?
True
Does 748 divide 1831852?
True
Is 1171 a factor of 11677212?
True
Is 24056 a multiple of 75?
False
Does 120 divide 301920?
True
Is 23 a factor of 28451?
True
Is 134 a factor of 6214362?
False
Is 70965 a multiple of 415?
True
Does 344 divide 372976?
False
Is 8 a factor of 443344?
True
Does 511 divide 1489319?
False
Does 31 divide 117397?
True
Is 420244 a multiple of 6?
False
Does 332 divide 1593268?
True
Is 12 a factor of 29136?
True
Does 2 divide 24507?
False
Is 94 a factor of 17221?
False
Does 7 divide 320138?
True
Does 512 divide 696616?
False
Is 6 a factor of 20701?
False
Is 6 a factor of 374886?
True
Is 976745 a multiple of 11?
True
Is 109749 a multiple of 12?
False
Is 2182358 a multiple of 322?
False
Is 450840 a multiple of 312?
True
Is 11398 a multiple of 16?
False
Does 14 divide 4142614?
True
Is 726196 a multiple of 162?
False
Is 24 a factor of 300960?
True
Is 5 a factor of 1274758?
False
Is 93238 a multiple of 6?
False
Is 16 a factor of 6248432?
True
Does 3 divide 1127969?
False
Is 17 a factor of 22496?
False
Does 32 divide 9570049?
False
Does 409 divide 9200046?
True
Is 2593701 a multiple of 369?
True
Does 61 divide 135054?
True
Is 9415393 a multiple of 14?
False
Is 113069 a multiple of 45?
False
Is 204 a factor of 5480256?
True
Does 459 divide 82343?
False
Is 110 a factor of 1193720?
True
Does 14 divide 165062?
False
Is 25 a factor of 37325?
True
Does 6 divide 519684?
True
Is 8720388 a multiple of 102?
True
Is 14583 a multiple of 6?
False
Does 15 divide 74401?
False
Is 31 a factor of 12759826?
False
Is 145040 a multiple of 56?
True
Is 16402706 a multiple of 41?
True
Does 221 divide 111396?
False
Is 500 a factor of 52079?
False
Is 207 a factor of 2181171?
False
Is 34936 a multiple of 9?
False
Does 64 divide 206355?
False
Does 2 divide 920045?
False
Does 156 divide 101747?
False
Does 20 divide 19886060?
True
Does 284 divide 223508?
True
Is 12 a factor of 102444?
True
Does 2 divide 169592?
True
Is 1271336 a multiple of 27?
False
Is 646850 a multiple of 16?
False
Is 1725960 a multiple of 1140?
True
Is 290 a factor of 258007?
False
Is 3006893 a multiple of 98?
False
Does 11 divide 472864?
False
Is 62916 a multiple of 87?
False
Does 129 divide 17336?
False
Does 10 divide 1154638?
False
Is 692910 a multiple of 656?
False
Is 847324 a multiple of 76?
True
Is 205487 a multiple of 13?
False
Is 56 a factor of 95971?
False
Does 15 divide 45855?
True
Is 61218 a multiple of 416?
False
Does 5 divide 5945165?
True
Does 157 divide 2421714?
False
Is 1575090 a multiple of 52?
False
Is 31281655 a multiple of 326?
False
Is 83 a factor of 26017?
False
Is 42 a factor of 2304246?
True
Is 21 a factor of 145844?
False
Is 99041 a multiple of 71?
False
Is 95232 a multiple of 372?
True
Is 1000711 a multiple of 9?
False
Is 521908 a multiple of 33?
False
Is 173754 a multiple of 20?
False
Does 196 divide 359933?
False
Is 32835 a multiple of 11?
True
Is 55 a factor of 52383?
False
Is 1048 a factor of 3979320?
False
Is 2856110 a multiple of 81?
False
Does 98 divide 85574?
False
Does 126 divide 20916?
True
Is 247852 a multiple of 86?
True
Is 104 a factor of 15164?
False
Is 42 a factor of 29064?
True
Is 214 a factor of 791628?
False
Does 15 divide 5713965?
True
Is 71 a factor of 59553?
False
Is 112244 a multiple of 44?
True
Does 268 divide 144938?
False
Is 294 a factor of 11033820?
True
Is 1558443 a multiple of 163?
True
Is 208005 a multiple of 49?
True
Does 36 divide 1660623?
False
Is 191 a factor of 1622545?
True
Is 282172 a multiple of 113?
False
Is 660953 a multiple of 77?
False
Does 4 divide 3052?
True
Is 129 a factor of 4216881?
True
Does 532 divide 525847?
False
Is 1345178 a multiple of 46?
True
Is 27950 a multiple of 43?
True
Does 45 divide 160560?
True
Does 46 divide 7663232?
True
Does 70 divide 8091860?
True
Is 160 a factor of 316800?
True
Does 17 divide 844157?
False
Is 7 a factor of 6678?
True
Is 306264 a multiple of 28?
True
Is 577 a factor of 1831975?
True
Is 1857978 a multiple of 27?
True
Is 1026846 a multiple of 15?
False
Does 14 divide 2006462?
False
Is 2090299 a multiple of 414?
False
Is 414992 a multiple of 16?
True
Is 3496 a multiple of 5?
F